Is 1285456373 a prime number?
True
Is 55611772787 a prime number?
True
Is 1369942103 a composite number?
False
Is 18220681 prime?
False
Is 8978837459 a composite number?
True
Is 4747552289 prime?
True
Is 277597337 a composite number?
False
Is 8329804391 prime?
True
Is 582987479 a composite number?
False
Is 12666183069 prime?
False
Is 6251213119 a prime number?
True
Is 18097999979 prime?
False
Is 13263341407 a composite number?
True
Is 37037045387 prime?
True
Is 12780750889 a prime number?
True
Is 569139457 composite?
True
Is 897291331 prime?
False
Is 70900249339 composite?
False
Is 25033443419 composite?
False
Is 1706586781 composite?
False
Is 185519753 a prime number?
True
Is 133223168843 a composite number?
True
Is 22672395995 a composite number?
True
Is 75370215691 a composite number?
False
Is 1740439457 prime?
True
Is 221401697 composite?
True
Is 2374377617 prime?
False
Is 82291283189 a prime number?
False
Is 2092682941 prime?
True
Is 30164551 prime?
False
Is 764799631 composite?
True
Is 7404889573 prime?
True
Is 343070731 a prime number?
False
Is 4696508829 a composite number?
True
Is 126400540415 prime?
False
Is 879332893 composite?
False
Is 31869671 composite?
False
Is 155321982518 composite?
True
Is 6185095871 prime?
True
Is 6633174934 composite?
True
Is 11667490657 a prime number?
True
Is 2720386547 a prime number?
True
Is 2703430157 composite?
False
Is 38251361 composite?
False
Is 804899519 a composite number?
False
Is 1603876577 composite?
True
Is 5986826683 a composite number?
True
Is 2599325849 composite?
False
Is 2085533477 composite?
False
Is 8699398979 prime?
False
Is 894276983 prime?
False
Is 335384353 prime?
True
Is 3342540193 composite?
True
Is 13203289769 composite?
False
Is 233886145 prime?
False
Is 71382966533 a composite number?
False
Is 114479113 a composite number?
True
Is 15168729929 a composite number?
True
Is 206082131 composite?
False
Is 225483623 a prime number?
True
Is 1740669589 a composite number?
False
Is 12150472189 composite?
True
Is 2166297866 composite?
True
Is 2264369381 prime?
True
Is 1682069317 composite?
False
Is 1249427209 a prime number?
False
Is 2084180209 composite?
False
Is 1876611557 a composite number?
False
Is 1093492601 a composite number?
False
Is 451704247 a prime number?
True
Is 871799161 prime?
False
Is 199945903 composite?
False
Is 1476028063 composite?
True
Is 7196441737 prime?
False
Is 4499658511 composite?
False
Is 2305782763 a prime number?
False
Is 10482370817 a composite number?
True
Is 88665107711 prime?
False
Is 968449219 prime?
True
Is 12754500203 prime?
True
Is 13911625199 prime?
False
Is 16201357979 a prime number?
True
Is 373884629 prime?
True
Is 60428787245 composite?
True
Is 9491647177 composite?
True
Is 5189476529 a prime number?
True
Is 70074121127 prime?
False
Is 22929011363 a composite number?
True
Is 5196585659 composite?
False
Is 91756009 a prime number?
True
Is 49421587727 a prime number?
True
Is 320350489 a prime number?
True
Is 22329720481 a composite number?
False
Is 25286968819 a prime number?
False
Is 27737000771 composite?
False
Is 1432040899 prime?
True
Is 12065789 composite?
True
Is 2046300419 composite?
False
Is 611112499 a prime number?
False
Is 1871001799 prime?
False
Is 2225419363 a prime number?
False
Is 612232889 a prime number?
True
Is 27433759307 composite?
False
Is 140353819 composite?
True
Is 6461146427 a composite number?
False
Is 144685523257 prime?
False
Is 297465403 a composite number?
True
Is 768893401 prime?
True
Is 3227435749 prime?
True
Is 18522474053 a prime number?
False
Is 1651234421 a composite number?
False
Is 804456659 prime?
False
Is 88462618579 a composite number?
False
Is 35785772081 composite?
True
Is 99257824793 a prime number?
False
Is 15844141 a composite number?
True
Is 1238650747 a prime number?
True
Is 9826343 composite?
False
Is 672762409 prime?
False
Is 44252020067 a composite number?
True
Is 162626923 prime?
True
Is 176229959767 a composite number?
False
Is 8885802511 prime?
True
Is 42067469947 a composite number?
False
Is 3505232597 prime?
False
Is 1688538229 prime?
False
Is 145803373 a composite number?
True
Is 3902061197 prime?
True
Is 6610846873 prime?
False
Is 1310221901 a prime number?
False
Is 4623204049 a prime number?
True
Is 4105091869 a prime number?
False
Is 76501765469 a prime number?
True
Is 1785361559 a prime number?
False
Is 50877204007 a composite number?
True
Is 39110191063 prime?
False
Is 346610359 composite?
True
Is 5710870311 prime?
False
Is 3807993029 composite?
True
Is 370171513 composite?
False
Is 150785921809 a composite number?
False
Is 5248790581 prime?
True
Is 135403065347 composite?
True
Is 144917197907 a composite number?
True
Is 249763147 a prime number?
True
Is 4487878301 a composite number?
False
Is 9584336129 prime?
True
Is 343530907 a prime number?
True
Is 198630973 a composite number?
True
Is 23269878461 composite?
True
Is 5441471431 prime?
False
Is 65220474733 composite?
True
Is 123022466527 a composite number?
True
Is 2052827351 a composite number?
False
Is 154894951 a prime number?
True
Is 2365775353 prime?
True
Is 1147013081 a prime number?
False
Is 2504777833 a composite number?
False
Is 6616712771 a composite number?
False
Is 65242337749 prime?
False
Is 214516472743 a composite number?
False
Is 7329703769 a composite number?
False
Is 154237907 composite?
False
Is 98426585 a prime number?
False
Is 13178521 a prime number?
True
Is 3799072987 prime?
False
Is 32048002583 composite?
True
Is 204323803 composite?
True
Is 34981053773 composite?
True
Is 855698897 prime?
True
Is 663825637 a composite number?
False
Is 1143541151 a prime number?
False
Is 17768026141 composite?
True
Is 71789747423 composite?
True
Is 84153697 a prime number?
True
Is 7841486845 composite?
True
Is 722992434119 a prime number?
True
Is 20290253029 a prime number?
False
Is 28901057 prime?
True
Is 15211083853 prime?
False
Is 187433699 a composite number?
True
Is 5882164313 a composite number?
True
Is 307696391 composite?
True
Is 117784489 a prime number?
True
Is 10615077823 a composite number?
True
Is 820070569 prime?
False
Is 2544070657 prime?
False
Is 40000451 a composite number?
False
Is 55741117 composite?
True
Is 787557919 a composite number?
False
Is 795032917 composite?
True
Is 9954530857 prime?
True
Is 6188609719 a composite number?
True
Is 3478482869 a prime number?
True
Is 2412293953 a composite number?
False
Is 17440485763 prime?
False
Is 188734879 a prime number?
False
Is 712687841 composite?
True
Is 6594080531 prime?
True
Is 38451061643 composite?
False
Is 55999579 a composite number?
True
Is 20428897301 a composite number?
True
Is 25742743973 a prime number?
True
Is 27202204597 a composite number?
True
Is 14285875823 composite?
False
Is 4838532203 prime?
True
Is 1619295031 a prime number?
True
Is 16180457071 a composite number?
False
Is 255083665 a prime number?
False
Is 80763509 a prime number?
False
Is 560416873 a composite number?
True
Is 137618633 a prime number?
True
Is 139635221 a prime number?
False
Is 84333671 a composite number?
True
Is 3115244885 a prime number?
False
Is 264100943113 a prime number?
False
Is 30238743841 a prime number?
True
Is 14938952467 a prime number?
True
Is 12834181 composite?
False
Is 6093888959 a composite number?
True
Is 14794751947 composite?
False
Is 1980395113 a composite number?
False
Is 19034570959 a prime number?
True
Is 47791348177 a composite number?
False
Is 14747813483 prime?
False
Is 330101537 a prime number?
False
Is 512232943 prime?
True
Is 44725826561 a prime number?
False
Is 57759326761 composite?
False
Is 3537333893 a prime number?
False
Is 2370448547 composite?
False
Is 374828897 composite?
False
Is 4747173749 prime?
True
Is 6843501617 a prime number?
False
Is 90966422839 composite?
False
Is 98304205 composite?
True
Is 1605564577 a prime number?
True
Is 3025668829 composite?
False
Is 20648782543 a prime number?
True
Is 821365093 a prime number?
True
Is 273962357 a prime number?
False
Is 8318301869 prime?
True
Is 25991902213 composite?
True
Is 54661937 prime?
False
Is 5830986209 composite?
True
Is 2820769967 a composite number?
False
Is 682666139 a composite number?
False
Is 7504023459 prime?
False
Is 1183742473 a prime number?
True
Is 1371228527 a c